 125845?
5
What is the ten thousands digit of 4550251?
5
What is the thousands digit of 918259?
8
What is the thousands digit of 337677?
7
What is the hundreds digit of 1687518?
5
What is the tens digit of 2680197?
9
What is the hundred thousands digit of 103649?
1
What is the hundreds digit of 175591?
5
What is the hundreds digit of 180051?
0
What is the units digit of 201496?
6
What is the ten thousands digit of 8933658?
3
What is the units digit of 569143?
3
What is the ten thousands digit of 2994490?
9
What is the tens digit of 1828062?
6
What is the ten thousands digit of 152595?
5
What is the hundred thousands digit of 10697481?
6
What is the tens digit of 7394360?
6
What is the units digit of 676229?
9
What is the units digit of 7347269?
9
What is the ten millions digit of 17274770?
1
What is the tens digit of 196806?
0
What is the millions digit of 1131044?
1
What is the tens digit of 24420119?
1
What is the tens digit of 254930?
3
What is the ten thousands digit of 18348683?
4
What is the units digit of 259879?
9
What is the hundreds digit of 25586401?
4
What is the tens digit of 20557927?
2
What is the ten thousands digit of 1955851?
5
What is the thousands digit of 1609018?
9
What is the tens digit of 231112?
1
What is the hundreds digit of 826179?
1
What is the ten thousands digit of 7192040?
9
What is the tens digit of 1340423?
2
What is the hundred thousands digit of 347691?
3
What is the tens digit of 603541?
4
What is the tens digit of 505107?
0
What is the thousands digit of 12299371?
9
What is the millions digit of 6274235?
6
What is the hundreds digit of 479930?
9
What is the ten thousands digit of 316947?
1
What is the hundred thousands digit of 197212?
1
What is the ten thousands digit of 564109?
6
What is the tens digit of 1705479?
7
What is the units digit of 509319?
9
What is the hundreds digit of 277371?
3
What is the ten thousands digit of 5841535?
4
What is the thousands digit of 1280226?
0
What is the tens digit of 737098?
9
What is the hundreds digit of 1993747?
7
What is the ten thousands digit of 15233413?
3
What is the hundreds digit of 2689095?
0
What is the ten millions digit of 26497638?
2
What is the units digit of 1908946?
6
What is the hundreds digit of 341069?
0
What is the tens digit of 7765783?
8
What is the units digit of 607938?
8
What is the tens digit of 2002021?
2
What is the millions digit of 7421025?
7
What is the millions digit of 21571543?
1
What is the hundred thousands digit of 1926398?
9
What is the hundred thousands digit of 151620?
1
What is the hundred thousands digit of 712326?
7
What is the units digit of 17233987?
7
What is the millions digit of 2254471?
2
What is the ten thousands digit of 991520?
9
What is the tens digit of 374569?
6
What is the tens digit of 238806?
0
What is the tens digit of 4062800?
0
What is the units digit of 439353?
3
What is the thousands digit of 258657?
8
What is the tens digit of 341721?
2
What is the hundreds digit of 5017514?
5
What is the thousands digit of 2469268?
9
What is the hundreds digit of 29250642?
6
What is the hundreds digit of 753210?
2
What is the tens digit of 397415?
1
What is the ten millions digit of 15855956?
1
What is the hundred thousands digit of 20910039?
9
What is the hundreds digit of 56393?
3
What is the thousands digit of 9799249?
9
What is the units digit of 11657880?
0
What is the hundred thousands digit of 1066776?
0
What is the ten thousands digit of 1867405?
6
What is the hundred thousands digit of 4401664?
4
What is the hundred thousands digit of 2843922?
8
What is the hundred thousands digit of 2772990?
7
What is the tens digit of 5824166?
6
What is the ten thousands digit of 1544190?
4
What is the tens digit of 230518?
1
What is the hundreds digit of 241142?
1
What is the units digit of 1288655?
5
What is the millions digit of 5137973?
5
What is the millions digit of 2738302?
2
What is the ten thousands digit of 1219776?
1
What is the hundreds digit of 1061191?
1
What is the millions digit of 1437311?
1
What is the tens digit of 2598634?
3
What is the ten thousands digit of 7945460?
4
What is the tens digit of 786254?
5
What is the millions digit of 3579677?
3
What is the ten thousands digit of 200356?
0
What is the hundred thousands digit of 179608?
1
What is the tens digit of 326330?
3
What is the hundreds digit of 628411?
4
What is the units digit of 16018009?
9
What is the thousands digit of 28013?
8
What is the hundreds digit of 301216?
2
What is the thousands digit of 39500?
9
What is the tens digit of 997051?
5
What is the ten thousands digit of 504373?
0
What is the thousands digit of 5001447?
1
What is the tens digit of 1356661?
6
What is the hundreds digit of 433536?
5
What is the hundred thousands digit of 907941?
9
What is the hundreds digit of 1564604?
6
What is the thousands digit of 4983501?
3
What is the hundreds digit of 244795?
7
What is the thousands digit of 7026483?
6
What is the tens digit of 187092?
9
What is the ten thousands digit of 1667712?
6
What is the hundred thousands digit of 5728647?
7
What is the hundreds digit of 1309840?
8
What is the hundreds digit of 11440918?
9
What is the ten thousands digit of 2762761?
6
What is the units digit of 526655?
5
What is the units digit of 3547220?
0
What is the ten thousands digit of 183857?
8
What is the ten thousands digit of 1013994?
1
What is the hundred thousands digit of 295873?
2
What is the hundreds digit of 51587?
5
What is the units digit of 1710603?
3
What is the hundreds digit of 120614?
6
What is the units digit of 14976?
6
What is the ten thousands digit of 59764?
5
What is the hundreds digit of 290742?
7
What is the tens digit of 169928?
2
What is the tens digit of 51321?
2
What is the ten millions digit of 19380040?
1
What is the ten thousands digit of 15299321?
9
What is the hundreds digit of 1619849?
8
What is the hundreds digit of 2315473?
4
What is the tens digit of 37595?
9
What is the units digit of 188836?
6
What is the thousands digit of 2442749?
2
What is the hundreds digit of 47563?
5
What is the tens digit of 1626148?
4
What is the ten thousands digit of 70034?
7
What is the millions digit of 16211620?
6
What is the ten thousands digit of 7363746?
6
What is the units digit of 95373?
3
What is the hundred thousands digit of 280582?
2
What is the units digit of 79292?
2
What is the millions digit of 4909522?
4
What is the hundreds digit of 2219068?
0
What is the hundreds digit of 179978?
9
What is the thousands digit of 10649521?
9
What is the ten thousands digit of 5785306?
8
What is the hundreds digit of 739770?
7
What is the units digit of 15051894?
4
What is the hundred thousands digit of 123597?
1
What is the ten thousands digit of 18034480?
3
What is the thousands digit of 8128381?
8
What is the ten thousands digit of 65047?
6
What is the hundred thousands digit of 366115?
3
What is the tens digit of 1154535?
3
What is the hundreds digit of 1683639?
6
What is the thousands digit of 994041?
4
What is the hundred thousands digit of 2241355?
2
What is the tens digit of 448073?
7
What is the ten thousands digit of 1244648?
4
What is the ten thousands digit of 596550?
9
What is the hundreds digit of 5215451?
4
What is the hundreds digit of 2137554?
5
What is the hundred thousands digit of 129643?
1
What is the millions digit of 1975405?
1
What is the hundred thousands digit of 340363?
3
What is the ten thousands digit of 1331527?
3
What is the units digit of 20978665?
5
What is the millions digit of 5182371?
5
What is the tens digit of 180223?
2
What is the tens digit of 1829892?
9
What is the units digit of 951225?
5
What is the tens digit of 68859?
5
What is the hundreds digit of 5044430?
4
What is the thousands digit of 5393119?
3
What is the units digit of 3230757?
7
What is the hundreds digit of 6305763?
7
What is the millions digit of 4167094?
4
What is the hundreds digit of 2083482?
4
What is the tens digit of 295608?
0
What is the hundreds digit of 12920472?
4
What is the thousands digit of 245557?
5
What is the tens digit of 13358?
5
What is the hundred thousands digit of 3898120?
8
What is the thousands digit of 26295629?
5
What is the tens digit of 8987562?
6
What is the hundreds digit of 157099?
0
What is the